 87772?
1284
What is the remainder when 1992521 is divided by 119?
104
Calculate the remainder when 6992014 is divided by 233064.
94
What is the remainder when 53185 is divided by 3100?
485
What is the remainder when 4450301 is divided by 914?
35
Calculate the remainder when 607840461 is divided by 214.
211
Calculate the remainder when 21409 is divided by 7055.
244
Calculate the remainder when 77199527 is divided by 12866586.
11
Calculate the remainder when 14467823 is divided by 11.
7
Calculate the remainder when 45151460 is divided by 3881.
3787
What is the remainder when 2028948 is divided by 443?
8
What is the remainder when 2436 is divided by 401?
30
What is the remainder when 8780427 is divided by 80?
27
What is the remainder when 34327901 is divided by 136?
5
What is the remainder when 530392 is divided by 213?
22
What is the remainder when 963007 is divided by 103?
60
What is the remainder when 2524347 is divided by 34580?
7
What is the remainder when 4694380 is divided by 184?
172
Calculate the remainder when 9218200 is divided by 6478.
6
What is the remainder when 976822601 is divided by 6211?
6209
What is the remainder when 293376 is divided by 146543?
290
What is the remainder when 650354 is divided by 287?
12
What is the remainder when 165251821 is divided by 258?
241
Calculate the remainder when 1145210 is divided by 1053.
599
What is the remainder when 518909 is divided by 7742?
195
Calculate the remainder when 67064 is divided by 80.
24
What is the remainder when 2198724 is divided by 305?
284
What is the remainder when 51172814 is divided by 1587?
1586
Calculate the remainder when 48396 is divided by 23448.
1500
Calculate the remainder when 34111040 is divided by 594.
590
What is the remainder when 1941308 is divided by 485304?
92
What is the remainder when 45603 is divided by 2837?
211
Calculate the remainder when 3230123 is divided by 516.
479
Calculate the remainder when 1227341 is divided by 1264.
1261
What is the remainder when 214488 is divided by 4158?
2430
What is the remainder when 2320298 is divided by 239?
86
Calculate the remainder when 395894 is divided by 477.
461
Calculate the remainder when 1735992 is divided by 2084.
20
Calculate the remainder when 89912052 is divided by 179.
173
What is the remainder when 833816 is divided by 127?
61
Calculate the remainder when 182368 is divided by 965.
948
What is the remainder when 13410701 is divided by 138?
137
Calculate the remainder when 7363863 is divided by 2454600.
63
Calculate the remainder when 9449952 is divided by 1281.
15
Calculate the remainder when 5618473 is divided by 82.
79
Calculate the remainder when 523830 is divided by 88.
54
Calculate the remainder when 401604 is divided by 53.
23
What is the remainder when 150813523 is divided by 3823?
3819
What is the remainder when 4306626 is divided by 1435066?
1428
Calculate the remainder when 1363672 is divided by 454549.
25
Calculate the remainder when 199151 is divided by 763.
8
Calculate the remainder when 2775250 is divided by 197.
111
What is the remainder when 2611081 is divided by 247?
44
What is the remainder when 12132519 is divided by 6241?
15
Calculate the remainder when 2841 is divided by 878.
207
Calculate the remainder when 778480 is divided by 40947.
487
What is the remainder when 261943 is divided by 43641?
97
Calculate the remainder when 131239 is divided by 3044.
347
Calculate the remainder when 281450355 is divided by 18.
15
What is the remainder when 2451997 is divided by 36584?
869
Calculate the remainder when 4051449 is divided by 1110.
1059
What is the remainder when 20312803 is divided by 13259?
15
Calculate the remainder when 92647 is divided by 92459.
188
What is the remainder when 8923320 is divided by 92951?
24
What is the remainder when 614881 is divided by 38230?
3201
Calculate the remainder when 455641 is divided by 455463.
178
What is the remainder when 758814 is divided by 621?
573
Calculate the remainder when 19738345 is divided by 203488.
9
Calculate the remainder when 1300336 is divided by 78.
76
What is the remainder when 35915788 is divided by 28?
20
What is the remainder when 25167367 is divided by 8?
7
Calculate the remainder when 1836330 is divided by 889.
545
Calculate the remainder when 37301 is divided by 310.
101
Calculate the remainder when 6400363 is divided by 92758.
61
Calculate the remainder when 1823305 is divided by 3309.
46
Calculate the remainder when 22160667 is divided by 21.
18
Calculate the remainder when 2187465 is divided by 10174.
55
Calculate the remainder when 154313792 is divided by 47321.
11
Calculate the remainder when 10522398 is divided by 5512.
5502
What is the remainder when 16554 is divided by 14655?
1899
Calculate the remainder when 2375904 is divided by 158392.
24
Calculate the remainder when 72968 is divided by 71593.
1375
What is the remainder when 184074 is divided by 30?
24
What is the remainder when 461154 is divided by 3017?
2570
What is the remainder when 5111835 is divided by 90?
15
What is the remainder when 10592538 is divided by 84740?
38
Calculate the remainder when 104182 is divided by 2889.
178
Calculate the remainder when 25214 is divided by 6851.
4661
Calculate the remainder when 3988970 is divided by 1660.
1650
Calculate the remainder when 229130 is divided by 72014.
13088
Calculate the remainder when 298529 is divided by 9039.
242
What is the remainder when 4709807057 is divided by 646?
645
Calculate the remainder when 28793307 is divided by 20.
7
What is the remainder when 4583235 is divided by 521?
519
What is the remainder when 143413 is divided by 23846?
337
What is the remainder when 1605313 is divided by 88?
17
What is the remainder when 19304050 is divided by 537?
511
What is the remainder when 1049802 is divided by 2907?
375
What is the remainder when 6561 is divided by 353?
207
What is the remainder when 164049 is divided by 3815?
4
What is the remainder when 1030093149 is divided by 7577?
7576
Calculate the remainder when 16423 is divided by 7962.
499
Calculate the remainder when 2734916 is divided by 271.
255
Calculate the remainder when 9308734 is divided by 234.
214
Calculate the remainder when 1456139 is divided by 19157.
207
Calculate the remainder when 609050 is divided by 1582.
1562
Calculate the remainder when 18866713 is divided by 226.
7
What is the remainder when 321574476 is divided by 1817?
1816
Calculate the remainder when 2796580 is divided by 491.
335
What is the remainder when 277077 is divided by 2262?
1113
What is the remainder when 408906 is divided by 204434?
38
What is the remainder when 72626 is divided by 9072?
50
Calculate the remainder when 237531 is divided by 82.
59
Calculate the remainder when 2267192 is divided by 125952.
56
Calculate the remainder when 5817094 is divided by 9631.
9601
Calculate the remainder when 5838 is divided by 2088.
1662
Calculate the remainder when 6286918 is divided by 25.
18
Calculate the remainder when 123756100 is divided by 61878040.
20
What is the remainder when 15533144 is divided by 134?
132
What is the remainder when 110433 is divided by 70?
43
Calculate the remainder when 8705742 is divided by 378.
24
Calculate the remainder when 509327 is divided by 509207.
120
Calculate the remainder when 326696 is divided by 4244.
4152
Calculate the remainder when 75300103 is divided by 6235.
8
Calculate the remainder when 360900566 is divided by 2265.
2261
What is the remainder when 5723480 is divided by 1430842?
112
Calculate the remainder when 45350757 is divided by 218.
217
What is the remainder when 42148460 is divided by 14049464?
68
Calculate the remainder when 1960114 is divided by 20.
14
What is the remainder when 1095951 is divided by 22832?
15
What is the remainder when 95814673 is divided by 825?
823
Calculate the remainder when 52339902 is divided by 1702.
1700
Calculate the remainder when 1612227 is divided by 537312.
291
Calculate the remainder when 12001886 is divided by 22992.
62
Calculate the remainder when 92725947 is divided by 44.
39
What is the remainder when 179297 is divided by 13656?
1769
What is the remainder when 2949668 is divided by 1559?
40
What is the remainder when 600635 is divided by 59539?
5245
What is the remainder when 305